hest common divisor of 153 and 27.
9
Calculate the highest common divisor of 18 and 14.
2
Calculate the highest common factor of 948 and 84.
12
What is the greatest common divisor of 682 and 22?
22
What is the highest common factor of 12 and 150?
6
Calculate the highest common divisor of 23491 and 169.
169
What is the highest common divisor of 405 and 20?
5
What is the greatest common divisor of 1582 and 154?
14
Calculate the highest common factor of 18666 and 2448.
306
What is the greatest common divisor of 120 and 168?
24
What is the highest common factor of 918 and 34?
34
Calculate the highest common divisor of 10 and 28370.
10
Calculate the greatest common divisor of 84 and 63.
21
What is the greatest common factor of 16 and 1096?
8
Calculate the highest common factor of 119 and 1428.
119
Calculate the highest common divisor of 29 and 1189.
29
Calculate the greatest common factor of 132 and 1023.
33
Calculate the highest common divisor of 13 and 2327.
13
What is the highest common factor of 27 and 189?
27
What is the highest common divisor of 516 and 84?
12
What is the highest common factor of 357 and 102?
51
Calculate the greatest common factor of 108 and 72.
36
What is the greatest common divisor of 322 and 92?
46
Calculate the greatest common divisor of 33 and 220.
11
What is the highest common factor of 775 and 425?
25
What is the greatest common factor of 39 and 9399?
39
Calculate the highest common divisor of 1115 and 5.
5
Calculate the greatest common factor of 28 and 105.
7
What is the highest common factor of 1092 and 1248?
156
Calculate the highest common divisor of 62 and 1829.
31
Calculate the highest common divisor of 180 and 450.
90
Calculate the highest common factor of 71 and 2.
1
What is the greatest common factor of 32 and 2560?
32
Calculate the greatest common divisor of 33 and 5269.
11
Calculate the highest common divisor of 1522 and 14.
2
What is the greatest common factor of 115 and 207?
23
Calculate the greatest common divisor of 5456 and 11.
11
What is the greatest common divisor of 1152 and 4?
4
What is the highest common factor of 140 and 540?
20
What is the greatest common factor of 258 and 48?
6
What is the highest common factor of 48 and 2388?
12
Calculate the greatest common factor of 26 and 533.
13
What is the greatest common divisor of 190 and 1862?
38
What is the highest common factor of 176 and 209?
11
What is the greatest common divisor of 54 and 72?
18
What is the highest common factor of 23 and 2346?
23
What is the greatest common factor of 1043 and 447?
149
What is the greatest common factor of 976 and 256?
16
Calculate the highest common factor of 2268 and 700.
28
Calculate the highest common divisor of 385 and 22.
11
Calculate the highest common factor of 222 and 1406.
74
What is the greatest common divisor of 44 and 23441?
11
Calculate the highest common factor of 208 and 4303.
13
What is the highest common factor of 2148 and 36?
12
What is the highest common divisor of 69 and 437?
23
Calculate the highest common divisor of 259 and 14.
7
What is the highest common divisor of 518 and 98?
14
What is the highest common factor of 170 and 1070?
10
What is the highest common factor of 549 and 63?
9
Calculate the greatest common divisor of 152 and 4218.
38
Calculate the highest common factor of 1280 and 20.
20
Calculate the highest common divisor of 49 and 1169.
7
What is the greatest common divisor of 32865 and 15?
15
What is the greatest common divisor of 84 and 4662?
42
Calculate the greatest common divisor of 28 and 504.
28
Calculate the highest common divisor of 8 and 2504.
8
What is the greatest common divisor of 5427 and 135?
27
Calculate the highest common divisor of 130 and 1885.
65
Calculate the greatest common divisor of 380 and 80.
20
What is the greatest common factor of 232 and 2204?
116
What is the highest common factor of 255 and 170?
85
What is the greatest common divisor of 3850 and 100?
50
What is the highest common factor of 49349 and 122?
61
What is the greatest common factor of 7763 and 7?
7
What is the greatest common divisor of 2300 and 1400?
100
What is the greatest common divisor of 2343 and 33?
33
What is the greatest common factor of 418 and 152?
38
Calculate the highest common divisor of 240 and 990.
30
Calculate the highest common divisor of 285 and 1881.
57
Calculate the greatest common divisor of 352 and 583.
11
Calculate the greatest common factor of 5423 and 58.
29
Calculate the greatest common factor of 26 and 91.
13
What is the highest common factor of 912 and 16?
16
What is the greatest common factor of 44 and 1111?
11
Calculate the greatest common factor of 476 and 51.
17
Calculate the greatest common factor of 526 and 43921.
263
Calculate the highest common factor of 291 and 18.
3
Calculate the greatest common divisor of 2438 and 742.
106
What is the greatest common divisor of 66 and 462?
66
What is the highest common divisor of 2 and 51?
1
What is the highest common divisor of 136 and 40?
8
What is the highest common factor of 57 and 399?
57
Calculate the greatest common divisor of 35 and 105.
35
Calculate the greatest common divisor of 240 and 228.
12
What is the highest common factor of 333 and 74?
37
What is the highest common divisor of 1411 and 68?
17
What is the greatest common factor of 441 and 637?
49
Calculate the highest common factor of 23 and 11707.
23
What is the greatest common factor of 38 and 5149?
19
What is the greatest common factor of 32 and 20136?
8
What is the highest common divisor of 16589 and 53?
53
Calculate the highest common divisor of 1463 and 110.
11
Calculate the greatest common factor of 5 and 1530.
5
What is the greatest common divisor of 50 and 1150?
50
Calculate the greatest common divisor of 95 and 15.
5
Calculate the highest common divisor of 4 and 1464.
4
Calculate the highest common divisor of 8 and 164.
4
What is the greatest common factor of 2 and 35?
1
Calculate the highest common divisor of 15 and 285.
15
Calculate the highest common factor of 120 and 1120.
40
Calculate the highest common divisor of 28 and 126.
14
What is the greatest common factor of 22 and 10340?
22
Calculate the highest common factor of 21 and 6.
3
What is the greatest common divisor of 407 and 37?
37
Calculate the highest common factor of 1022 and 146.
146
Calculate the highest common factor of 840 and 56.
56
What is the highest common divisor of 97 and 38994?
97
Calculate the highest common factor of 318 and 6.
6
What is the highest common factor of 48843 and 201?
201
Calculate the highest common divisor of 31 and 1519.
31
What is the highest common factor of 148 and 4?
4
What is the greatest common factor of 72 and 464?
8
Calculate the greatest common divisor of 1000 and 40.
40
Calculate the highest common divisor of 6 and 7.
1
What is the highest common divisor of 1413 and 54?
9
What is the greatest common factor of 110 and 5?
5
What is the greatest common divisor of 10 and 40?
10
Calculate the greatest common divisor of 33 and 51.
3
Calculate the highest common factor of 1278 and 72.
18
What is the greatest common divisor of 2025 and 150?
75
Calculate the greatest common factor of 33 and 10.
1
What is the greatest common factor of 126 and 342?
18
Calculate the highest common factor of 180 and 45.
45
What is the greatest common divisor of 156 and 2704?
52
What is the highest common divisor of 4366 and 74?
74
Calculate the greatest common factor of 43857 and 198.
99
What is the highest common divisor of 60 and 1360?
20
Calculate the highest common divisor of 60 and 8130.
30
What is the greatest common factor of 186 and 6?
6
Calculate the greatest common divisor of 973 and 28.
7
What is the greatest common factor of 345 and 75?
15
Calculate the highest common factor of 170 and 1445.
85
Calculate the greatest common divisor of 612 and 442.
34
What is the highest common divisor of 2860 and 26?
26
What is the highest common divisor of 70 and 182?
14
Calculate the greatest common divisor of 85 and 1309.
17
What is the greatest common divisor of 14 and 91?
7
Calculate the greatest common factor of 2 and 1874.
2
Calculate the greatest common divisor of 10168 and 32.
8
What is the greatest common divisor of 95 and 5738?
19
Calculate the greatest common di